(g) = d(g) - 4*o(g). Let t(x) = 2*q(x) + 5*v(x). What is the units digit of t(17)?
7
Let q(y) = 17 + 25 - y - 21. Let s(k) = k**3 + 5*k**2 + 4*k + 4. Let b be s(-5). What is the tens digit of q(b)?
3
Suppose 3*k = -2*u - 55, -k - k - 2*u - 40 = 0. Let y = -18 - k. What is the units digit of 38/3*y*-2?
6
Let j(n) = -n**2 + 25*n - 26. Let k be j(25). What is the units digit of 81*(-8)/(48/k)?
1
Let v = 51 - -125. Let o = v - 88. What is the units digit of o?
8
Let q = -94 - -76. What is the hundreds digit of q*(-4)/(-3)*-9?
2
What is the hundreds digit of 33/((-1650)/(-184840)) - (-12)/10?
6
Let v(s) = s**3 + 2*s**2 + s - 1013. Let t be v(0). What is the tens digit of (6 - t - 3) + (0 - -3)?
1
Let y = -15016 - -25610. What is the ten thousands digit of y?
1
What is the units digit of 50811*(-161)/(-231) - 69/(-253)?
4
Let y = -2433 - -11310. What is the tens digit of y?
7
What is the ten thousands digit of (-10 - (-10 + -2)) + 6312*-1*-2?
1
Let p = -11679 - -18881. What is the hundreds digit of p?
2
Suppose -2*x + 120247 = -5*p, 19*p = 26*p + 35. What is the hundreds digit of x?
1
Let y = 15 + -13. Suppose -6*i = -y*i + 2*f - 42, 25 = 5*f. Let k(o) = o**2 + 11*o - 10. What is the tens digit of k(i)?
4
Suppose -5*q + 409 = 2*w + 395, -5*q - w = -17. Let i = -456 - -716. Suppose 0 = -q*f - 0*f + i. What is the tens digit of f?
6
Let b be 6/((-1)/(6/(-12))). What is the units digit of ((-158)/b)/(1/((-54)/12))?
7
Suppose -142 = 3*x + 5*i - 362, 3*x + i = 236. Let f(y) = y**3 - 11*y**2 - 4*y + 10. Let t be f(11). Let c = t + x. What is the units digit of c?
6
Let y = 9768 + 27524. What is the tens digit of y?
9
Suppose 393*j - 392*j - 3*h - 4452 = 0, 0 = j - 5*h - 4448. What is the hundreds digit of j?
4
Let j be (-7 - -4) + (-3 - -6) + 18. Suppose -j*y = -27*y + 657. What is the tens digit of y?
7
Suppose -1993 = -g + 2*h - 237, -1714 = -g - 5*h. What is the tens digit of g?
4
Let y = -3176 + 4681. Suppose -8*o + 4*a - y = -13*o, o = -2*a + 307. What is the hundreds digit of o?
2
What is the thousands digit of (-5*56/(-140))/((10/9444)/5)?
9
Suppose 1523 = 2*k - 8285 - 3404. What is the units digit of k?
6
Let a = 28 + -70. Let j be (-7)/(a/(-8))*-3. Suppose j*d = x - 114, -2*d = -4*x + d + 391. What is the units digit of x?
4
Let x = 727 - -74. Suppose x = -0*b + 2*b + 5*y, 5*y + 393 = b. Let f = 559 - b. What is the units digit of f?
1
Let q be 5/(-10) - (-333)/(-6). Let a = -57 - q. What is the hundreds digit of (-2 - 0)/(a/79)?
1
Let m(i) = 111*i**2 - 34*i + 77. What is the hundreds digit of m(8)?
9
What is the hundreds digit of (-3 - -7 - -3485) + 13?
5
Let y(n) = 83*n - 7. Suppose -3*a = -8*a + 4*z + 18, 3*z + 10 = 2*a. What is the tens digit of y(a)?
5
Suppose -166995 = -47*w + 65843. What is the thousands digit of w?
4
Suppose 0 = -2*v + 5*v + 2*i + 7725, -4*i = 4*v + 10296. Let f be (-14)/8 + 2 - v/12. Suppose -10*q + f + 705 = 0. What is the tens digit of q?
9
Suppose 8*q + 218 - 482 = 0. Let f be -2 + (322 - -2) + -2. Suppose -l - 3*z + q = -47, -3*z - f = -4*l. What is the units digit of l?
0
What is the tens digit of 7/(-462)*-12*22319?
5
What is the hundreds digit of (4/((-16)/13494))/((-3)/6)?
7
What is the tens digit of 12/(-9)*67*(-33 - 6)?
8
Suppose 36*p = 33*p. Suppose -8*r + p + 80 = 0. Let l(c) = -c**3 + 12*c**2 + 2*c + 15. What is the units digit of l(r)?
5
Suppose 3*b - 13324 = 3*f + 3674, 11335 = 2*b - 5*f. What is the thousands digit of b?
5
Let x(b) = -2*b**2 + 11*b + 1. Let q be x(0). What is the hundreds digit of (q - (-21)/(-9))*-390?
5
What is the hundreds digit of (-230)/345 + (-16163)/(-3)?
3
Let g = -95 + 98. Let o be (-1)/(-4) + (20943/12)/g. What is the units digit of ((-2)/(-3))/(2/o)?
4
Let p(h) be the first derivative of 3*h**2/2 - 14*h - 26. Let u be p(6). What is the tens digit of 358/u - 1 - 7/(-14)?
8
Let c(f) = f**3 + 13*f**2 + 7*f - 17. Let w(r) = r**3 - 4*r**2 + 12*r - 9. Let o be w(4). Suppose -12*i = 183 - o. What is the tens digit of c(i)?
4
Let u = -207 - -1837. What is the units digit of u?
0
Let z(s) = 2*s**3 - 20*s**2 + 18*s - 8. Let k be z(9). Let i(u) = u**3 + 14*u**2 - 15*u - 57. What is the hundreds digit of i(k)?
4
What is the tens digit of (-4733)/(-3) + (-21)/(-9)?
8
Suppose -5*n + 7*q + 146306 = 0, -2452 = n + 5*q - 31726. What is the ten thousands digit of n?
2
Let q(b) = b**2 + 11*b - 6. Suppose 6*u - 12 + 6 = 0. Let h be u/(1/(-1 - -8)). What is the tens digit of q(h)?
2
Suppose -1971 = 3*q + 846. Let h = -561 - q. What is the hundreds digit of h?
3
Suppose -309*p - 219*p + 37*p + 25615961 = 0. What is the hundreds digit of p?
1
What is the hundreds digit of (1 - 55/(-11)) + 2244?
2
What is the thousands digit of 26388 + ((-4)/(-7) - 80/(-56))?
6
Let q = -1105 + 5102. What is the hundreds digit of q?
9
Suppose 2*x = -3*r + 10, -3*r + 14 = -0*r + 4*x. Let i be (-15)/(r + 14/(-4)). Suppose -i*w + 7*w + 603 = 0. What is the units digit of w?
1
What is the ten thousands digit of (5 - 442296/(-28)) + 8/(-84)*3?
1
Suppose -16 = 4*i, -44 = 4*j - 19*i + 24*i. What is the tens digit of (36 - 2) + (j - -7)?
3
Let y be 278*((-99)/(-154) + (-2)/14). Suppose -y = -3*z + 2*i, 3*i + 220 = 5*z + 2*i. What is the units digit of z?
3
What is the hundreds digit of -8 + 125/10*291760/100?
4
Let m(c) = 615*c**2 - 8 - 6 - 2 - 538*c**2 + c. What is the tens digit of m(-3)?
7
What is the thousands digit of 1/8 + 6679596/672?
9
Let r = 309 + -305. Suppose -3081 = -r*s - 3*g, -2*s + 1064 + 476 = 2*g. What is the units digit of s?
1
Let g(z) = -660*z - 3680. What is the units digit of g(-6)?
0
Let j(x) = 2*x**3 - 26*x**2 - 34*x + 30. Let s be j(16). Suppose o - 1392 - s = -5*n, 3*o = 3*n - 1452. What is the units digit of n?
3
Let q(x) = 2*x**2 - x - 2. Let t(z) = -168*z**2 - 6*z + 34. Let y(w) = -5*q(w) - t(w). What is the hundreds digit of y(2)?
6
Let l(o) = 5069*o + 2979. What is the thousands digit of l(7)?
8
Let p be 4/1 + 3 - 3. Suppose 6*s = p*s - 2, s = -4*k + 4751. What is the thousands digit of k?
1
Let z = 3653 + -938. What is the units digit of z?
5
Let u = -675 + 48. Let j = 951 + u. What is the tens digit of j?
2
Suppose 10090 = 4*h + 2*f, -39*h + 41*h - 5054 = -4*f. What is the thousands digit of h?
2
Let l be 4/(-2) + 0 + (-2238 - -47). Let o = l - -3379. What is the units digit of o?
6
Let u(x) = 27 + 20*x + 17*x + 23*x**2 - 14*x + x**3. Let o be u(-22). What is the hundreds digit of 2/o - (-68)/(-20) - -141?
1
Let s = -242 + 264. What is the hundreds digit of (s - 14) + (232 - -1)?
2
Let l = 125167 - 68344. What is the ten thousands digit of l?
5
Suppose -7*l = -12*l + 90. What is the units digit of -9*3/l*-628?
2
Let v(d) = -15649*d**3 + 2*d**2 - 7*d - 10. What is the ten thousands digit of v(-1)?
1
Let l = -19717 + 58988. Suppose -46*y = -35847 - l. What is the hundreds digit of y?
6
Let d(g) = -g + 26. Suppose 0*j - 3*j + 3*l + 105 = 0, -2*l - 10 = 0. Let n be d(j). What is the hundreds digit of (-46)/n*(-1)/(2/(-48))?
2
Let d(p) = -199*p + 451. What is the thousands digit of d(-33)?
7
What is the thousands digit of 196146/54 - 5/(-3)?
3
Let w = 1719 + -889. Suppose 0 = 4*b - 0*b + 3*t - w, -637 = -3*b + 5*t. Suppose -5*s = -b - 206. What is the tens digit of s?
8
Suppose -80*w + 2089031 = 239031. What is the hundreds digit of w?
1
Suppose 10*r - 5*r - 60 = -5*c, -3*r - 5*c + 40 = 0. Suppose 5*b - 10 = r. Suppose 2*w = 3*w + b*m - 54, -5*m = -3*w + 128. What is the units digit of w?
6
Let f be 4 + -4 + 2 + 2. Suppose 58 = -38*t - 245 + 455. Suppose d + 843 = -0*o + t*o, f*o + d - 845 = 0. What is the hundreds digit of o?
2
Suppose -3*w = 2*t - 770, t = 1 - 6. Suppose o = -3*i + 665, -2*o + 1073 = 5*i - w. What is the tens digit of o?
7
Let s = -115 - -122. Let q be (s + -9)*204/2*1. What is the units digit of 5 + -6 + (4/2 - q)?
5
Let a(n) = n**2 + 2. Suppose 60 = 2*h - 10. Let j = h + -42. What is the units digit of a(j)?
1
Let h(q) be the first derivative of 37*q**3/3 - 4*q**2 + 13*q - 17. What is the hundreds digit of h(4)?
5
Suppose -4*m + 10*m - 233034 = -2*s, 4*m + 4*s - 155380 = 0. What is the hundreds digit of m?
8
Suppose 4*y = 4*a + 2644, y - 4*a - 636 = -8*a. Let s be 8 + -2*(-6)/(-6). Suppose 2*r = s*r - y. What is the units digit of r?
4
Let f = -18 + 14. Let h be f + 5 + (0